 5*c + 45. Calculate i(-6).
-21
Let d(y) = y**2 - 20*y - 8. Determine d(20).
-8
Let t(h) = -h**3 + 11*h**2 - 7*h + 6. Calculate t(10).
36
Let n(a) = a**3 + 8*a**2 - 2*a + 1. Determine n(-6).
85
Let m(h) = -h**3 + 29*h**2 - 52*h - 11. Give m(27).
43
Let r(n) = 2*n**3 - 3*n - 3. Determine r(2).
7
Let f(c) = -c - 3. Determine f(14).
-17
Let h(j) = 28*j**2 + 12*j + 2. Give h(-1).
18
Let t(n) = -2*n**2 + 2*n - 1. Give t(-1).
-5
Let j(t) = 3*t**2 - 5*t - 13. Give j(4).
15
Let f(i) = -i + 6. Determine f(5).
1
Let g(r) = 3*r - 133. Determine g(42).
-7
Let h(u) = u**2 + 10*u - 18. Calculate h(-11).
-7
Let v(p) = 2*p**3 - 13*p**2 - p - 6. Calculate v(3).
-72
Let v(m) = 2*m**2 - m - 2. Determine v(-2).
8
Let a(r) = r**3 - 10*r**2 + 2. Give a(10).
2
Let w(k) = -9*k + 1. Give w(1).
-8
Let v(q) = -q**3 + 8*q**2 + q + 1. Calculate v(7).
57
Let w(z) = -2*z - 24. Determine w(-14).
4
Let o(y) = y**2 + 24*y + 9. Calculate o(-24).
9
Let m(t) = t**2 - 21*t + 80. Calculate m(5).
0
Let u(f) = 8*f + 70. Determine u(-9).
-2
Let p(m) = -5*m - 13. What is p(-6)?
17
Let o(n) = 5*n**2 - 5*n. What is o(3)?
30
Let a(x) = 2*x**2 + 34*x - 18. Give a(-19).
58
Let o(j) = -3*j**3 - j**2 - j - 1. What is o(-1)?
2
Let a(m) = -m + 2. Give a(-6).
8
Let c(x) = 6*x**2 - 37*x - 7. Calculate c(7).
28
Let m(v) = v**3 - v**2 + 3*v - 1. What is m(0)?
-1
Let n(d) = -d**3 - 3*d**2 + 15*d + 6. Determine n(-6).
24
Let l(u) = -u**2 + 13*u - 27. Calculate l(8).
13
Let c(h) = h**2 - 116*h + 562. Calculate c(5).
7
Let q(f) = -5*f**2 + 10*f - 19. What is q(5)?
-94
Let x(i) = -9*i**2 + 54*i + 2. Determine x(6).
2
Let m(s) = -s**2 + 12*s + 2. What is m(7)?
37
Let n(p) = -9*p - 24. Give n(-2).
-6
Let m(q) = q**3 - 7*q**2 - 11*q + 3. Calculate m(8).
-21
Let f(j) = -4*j - 136. Calculate f(-33).
-4
Let q(w) = 2*w**3 + 2*w**2 - w - 1. What is q(2)?
21
Let n(a) = -2*a**3 + 7*a**2 - 6*a + 12. Give n(3).
3
Let m(q) = -q**3 + 5*q**2 - 3*q + 22. What is m(5)?
7
Let j(q) = q - 11. What is j(10)?
-1
Let s(p) = -p**2 + 11*p - 9. Calculate s(9).
9
Let w(b) = -b**2 - 22*b - 6. Calculate w(-21).
15
Let n(y) = -2*y - 60. Calculate n(-14).
-32
Let o(l) = 14*l - 1. Give o(-3).
-43
Let s(d) = -91*d + 732. What is s(8)?
4
Let r(a) = a**2 - 3*a + 7. Calculate r(6).
25
Let c(u) = -u**3 - 41*u**2 - 47*u - 231. Determine c(-40).
49
Let g(t) = t**2 + 6*t + 5. Calculate g(-5).
0
Let w(h) = 4*h - 14. Give w(9).
22
Let a(n) = 3*n**3 - 2*n**2 - n + 3. Give a(1).
3
Let z(i) = -i**2 - 7*i + 15. Give z(-9).
-3
Let g(v) = 3*v - 3. Give g(1).
0
Let w(u) = -2*u - 33. Calculate w(-21).
9
Let g(b) = -12*b**3 - b**2. Give g(-1).
11
Let o(x) = -2*x**2 + x - 14. Calculate o(-5).
-69
Let h(a) = 2*a + 28. What is h(-13)?
2
Let b(k) = -k + 17. What is b(13)?
4
Let r(x) = -x**3 - 2*x**2 + 4*x + 6. Give r(-4).
22
Let g(h) = -h + 8. What is g(-2)?
10
Let p(s) = -s**3 - 6*s**2 + 8*s - 3. Calculate p(-7).
-10
Let o(z) = -6*z - 1. Calculate o(-9).
53
Let k(j) = -j**2 - 7*j + 5. Determine k(-6).
11
Let r(m) = m**2 + 15*m - 8. Calculate r(-16).
8
Let g(o) = o**3 + 7*o**2 + 9*o + 23. Calculate g(-5).
28
Let u(r) = -2*r**2 + 13*r - 22. Give u(7).
-29
Let f(k) = -k**2 + 5*k - 7. What is f(-7)?
-91
Let n(p) = p**2 + 55*p + 423. Give n(-9).
9
Let o(f) = -f**3 - 8*f**2 - 6*f + 7. What is o(-7)?
0
Let r(q) = -3*q + 43. Determine r(16).
-5
Let m(l) = -l**2 - 10*l - 36. What is m(-12)?
-60
Let d(n) = -n**3 - 5*n**2 + 7*n - 2. Determine d(-6).
-8
Let v(h) = -5*h + 177. Give v(32).
17
Let k(b) = -b - 14. What is k(0)?
-14
Let p(t) = 4*t**2 + 49*t - 27. Determine p(-13).
12
Let u(o) = -17*o. Give u(3).
-51
Let h(i) = -17*i - 93. Determine h(-11).
94
Let x(u) = u**2 + 40*u + 163. Give x(-34).
-41
Let l(h) = -h**3 + 11*h**2 - 23*h + 125. What is l(10)?
-5
Let p(u) = -9*u + 189. Calculate p(20).
9
Let s(o) = -o**3 + 9*o**2 - 14*o + 8. Give s(7).
8
Let o(h) = -13*h - 44. Calculate o(-3).
-5
Let z(y) = -y**3 + 5*y**2 + 11*y - 48. Determine z(5).
7
Let o(t) = 2*t**3 + 7*t**2 + 4*t - 1. Determine o(-5).
-96
Let o(k) = k**2 - 4*k + 23. Determine o(6).
35
Let m(r) = -r**2 + 10*r + 5. Determine m(11).
-6
Let c(q) = -q**3 - 6*q**2 + q - 34. Determine c(-7).
8
Let q(c) = -c**3 + 2*c + 3. Determine q(-4).
59
Let h(b) = -8*b - 5. Determine h(-5).
35
Let s(o) = -31*o**2 + 123*o - 4. Determine s(4).
-8
Let w(m) = -6*m - 2. Calculate w(-6).
34
Let o(f) = -35*f + 110. Give o(6).
-100
Let s(k) = -11*k - 4. Give s(-1).
7
Let n(x) = 5*x**2 - 35*x - 1. Determine n(7).
-1
Let a(w) = -w**3 - 6*w**2 - 3*w - 3. Determine a(-4).
-23
Let v(x) = -x**2 + 10*x - 24. Determine v(6).
0
Let y(b) = -49*b + 1. What is y(1)?
-48
Let r(z) = -3*z**2 - 129*z + 5. What is r(-43)?
5
Let i(o) = o**2 + o + 42. Give i(0).
42
Let i(r) = r**2 - 16*r + 54. What is i(11)?
-1
Let z(y) = 4*y**2 - 3*y - 6. Calculate z(-3).
39
Let k(s) = -s**3 - 13*s**2 + 14*s - 15. Give k(-14).
-15
Let d(g) = -17*g + 5. Calculate d(2).
-29
Let g(k) = k**2 - 21*k + 18. Calculate g(21).
18
Let r(v) = -v**2 - 3*v - 6. Determine r(-4).
-10
Let b(r) = r**2 - 23*r + 126. Calculate b(16).
14
Let h(j) = 2*j + 3. What is h(-4)?
-5
Let q(b) = -b**2 + 9*b - 2. What is q(7)?
12
Let g(q) = -3*q + 96. What is g(27)?
15
Let j(g) = 20*g**2 - 17*g + 1. Calculate j(2).
47
Let x(b) = b**2 - b - 24. Give x(0).
-24
Let u(v) = 2*v**2 + 64*v + 111. Calculate u(-30).
-9
Let x(n) = -n**3 - 12*n**2 + 84*n + 5. What is x(5)?
0
Let v(w) = w**3 + 21*w**2 + 20*w - 23. Determine v(-20).
-23
Let l(f) = -37*f + 178. Calculate l(5).
-7
Let t(g) = -20*g + 867. Give t(43).
7
Let w(n) = -n**3 + 4*n**2 + 6*n - 9. What is w(5)?
-4
Let u(p) = -50*p - 6. What is u(0)?
-6
Let w(o) = o**2 - 17*o + 15. Determine w(16).
-1
Let y(g) = g**3 - 31*g**2 - 63*g - 94. What is y(33)?
5
Let x(i) = 2*i + 26. Calculate x(-7).
12
Let p(x) = x**3 + 10*x**2 + 7*x - 9. Determine p(-9).
9
Let q(g) = -g**2 - g + 11. Calculate q(-4).
-1
Let m(i) = i**3 - 19*i**2 + i - 41. Determine m(19).
-22
Let a(m) = m**3 - 11*m**2 + 9*m - 26. Give a(11).
73
Let r(m) = m - 1. Determine r(-4).
-5
Let b(o) = -33*o + 115. Give b(2).
49
Let j(v) = v - 4. Give j(-3).
-7
Let g(u) = u**2 - 14*u + 8. Give g(14).
8
Let q(r) = r**3 - 25*r**2 + 45*r + 16. What is q(23)?
-7
Let s(d) = 41*d - 115. Calculate s(3).
8
Let y(l) = -l**3 - 18*l**2 - 27*l - 31. Calculate y(-16).
-111
Let y(g) = g**3 + 7*g**2 + g + 10. Give y(-7).
3
Let r(a) = a**2 - 21*a + 12. What is r(15)?
-78
Let n(q) = -3*q - 8. What is n(-7)?
13
Let b(x) = x**2 + 8*x - 11. Determine b(-9).
-2
Let l(v) = -v**3 + 7*v**2 + v. Determine l(7).
7
Let o(w) = w**3 - 3*w**2 - 3*w + 1. Calculate o(4).
5
Let h(f) = -f + 1. What is h(28)?
-27
Let p(g) = 2*g**3 + 2*g**2 + 3*g - 2. Calculate p(-2).
-16
Let b(m) = m**2 + 5*m + 1. Determine b(0).
1
Let r(w) = w**3 - 4*w**2 + 4*w - 3. What is r(4)?
13
Let h(x) = -2*x**2 + 1. What is h(-1)?
-1
Let n(f) = -10*f + 473. Determine n(46).
13
Let u(r) = -10*r**2 - 328*r + 71. Determine u(-33).
5
Let y(n) = -n**3 + 8*n**2 - 7*n. Give y(6).
30
Let g(r) = -4*r + 1. Give g(3).
-11
Let a(l) = -l**3 + 9*l**2 - 7*l + 7. Determine a(8).
15
Let y(h) = -h**3 - 3*h**2 + h - 16. What is y(0)?
-16
Let f(z) = z**2 - z - 12. Calculate f(0).
-12
Let n(x) = -2*x**3 + 4*x**2 + 2. Calculate n(4).
-62
Let l(b) = b**2 + 152*b - 630. Determine l(4).
-6
Let d(w) = w + 1. Determine d(12).
13
Let h(t) = -8*t**2 - t - 2. Give h(-2).
-32
Let l(m) = -2*m**2 - 4*m - 3. Calculate l(-5).
-33
Let c(a) = -2*a**3 - 3*a**2 + a - 2. What is c(-2)?
0
Let t(f) = 88*f + 2. Determine t(-1).
-86
Let r(j) = -6*j + 7. What is r(2)?
-5
Let s(n) = n + 26. What is s(-7)?
19
Let z(j) = -j**3 + 10*j**2 + 12*j - 15. Give z(11).
-4
Let n(i) = -i**2 - i - 8. What is n(4)?
-28
Let b(h) = 5*h**3 + h**2 - 3*h - 2. Determine b(-2).
-32
Let g(c) = c**3 - 14*c**2 - 15*c + 19. Calculate g(15).
19
Let t(a) = a + 3. Determine t(-1).
2
Let y(t) = -t**3 + 4*t**2 - 2*t - 1. Give y(2).
3
Let t(r) = r**2 - 5*r - 1. What is t(4)?
-5
Let f(y) = -56*y + 41. Give f(-2).
153
Let p(o) = o**3 + 9*o**2 + 10*o + 21. What is p(-8)?
5
Let c(v) = -82*v + 405. Calculate c(5).
-5
Let v(w) = w**3 + 4*w**2 - 4*w + 3. Give v(-5).
-2
Let j(n) = -12*n + 31. Calculate j(3).
-5
Let t(s) = -9*s**2 + 3*s - 1. Determine t(2).
-31
Let h(r) = -r**3 - r**2 + 12*r - 10. Determine h(-4).
-10
Let s(p) = -14*p + 25. 